
Is 51481307389 prime?
True
Is 21617933149 composite?
False
Is 3032982343 a prime number?
True
Is 853964857 prime?
True
Is 276116604369 prime?
False
Is 618823973 prime?
True
Is 4967623987 a composite number?
True
Is 2190133997 prime?
False
Is 3544672735 composite?
True
Is 942008569 a composite number?
False
Is 22858402199 a composite number?
False
Is 1288036069 a composite number?
False
Is 24452278457 prime?
False
Is 2851373927 a prime number?
True
Is 3456682937 a composite number?
True
Is 141863337901 composite?
False
Is 23396502049 composite?
False
Is 14401192939 prime?
False
Is 132390009733 a composite number?
False
Is 825778073 prime?
False
Is 6424465721 a composite number?
False
Is 1898639711 a composite number?
True
Is 3132437351 a prime number?
False
Is 23745958133 prime?
True
Is 3886132771 a composite number?
False
Is 2769489707 composite?
False
Is 242783507 a composite number?
False
Is 92204280295 prime?
False
Is 37578222005 prime?
False
Is 70406568413 a prime number?
True
Is 5393136439 a prime number?
False
Is 16443323357 composite?
False
Is 61439037701 prime?
True
Is 137711807 composite?
True
Is 553848221 composite?
False
Is 418530577 composite?
True
Is 17224479073 a prime number?
True
Is 122979154 composite?
True
Is 559399693 a composite number?
False
Is 64030495807 a prime number?
False
Is 123050519 a composite number?
False
Is 1477581283 composite?
False
Is 3175790741 composite?
True
Is 2509884613 prime?
False
Is 1249817383 a composite number?
False
Is 2142597547 composite?
True
Is 8624503289 a prime number?
True
Is 1364226623 prime?
False
Is 531707377 prime?
False
Is 37480789093 prime?
False
Is 2530532393 prime?
True
Is 229279019231 prime?
False
Is 11664612605 a prime number?
False
Is 1697352233 a composite number?
True
Is 732059815 prime?
False
Is 1440535247 a prime number?
False
Is 34352651503 a composite number?
False
Is 1417465013 a composite number?
True
Is 341418727 prime?
False
Is 118768470397 a composite number?
True
Is 260231281 prime?
True
Is 17129682461 a composite number?
True
Is 10175642905 a prime number?
False
Is 136704913811 composite?
False
Is 1321438967 prime?
True
Is 25356077641 composite?
True
Is 40155383 prime?
False
Is 14594430029 composite?
False
Is 1272109957 prime?
False
Is 9713500463 a prime number?
False
Is 4842804515 a composite number?
True
Is 52653269 a composite number?
True
Is 47113484423 a composite number?
False
Is 11613522539 a composite number?
False
Is 1547744701 composite?
False
Is 20738707553 a prime number?
True
Is 671893289 prime?
True
Is 1461412927 prime?
False
Is 17929917013 a composite number?
True
Is 551658917 a prime number?
False
Is 3877711697 a prime number?
True
Is 2089638407 a composite number?
True
Is 489061141 prime?
False
Is 5882163821 prime?
False
Is 3496044983 a composite number?
False
Is 14041532087 a prime number?
False
Is 3521315639 a composite number?
True
Is 450740621 composite?
False
Is 33116609143 prime?
False
Is 59760603767 prime?
True
Is 2381065147 prime?
False
Is 1812539461 composite?
True
Is 707947897 prime?
True
Is 33589973233 composite?
False
Is 8010538999 prime?
True
Is 249346951 a prime number?
False
Is 143319431 prime?
False
Is 304930754783 prime?
True
Is 2183817487 prime?
True
Is 22372783109 a composite number?
False
Is 423091897 composite?
False
Is 1700351483 a prime number?
False
Is 17993575729 a composite number?
True
Is 975143291 composite?
False
Is 5017801643 composite?
True
Is 30777323 prime?
False
Is 128098547 a prime number?
False
Is 14820469993 composite?
True
Is 347276411 a composite number?
False
Is 42652747913 composite?
True
Is 12353267233 composite?
True
Is 22184729 a composite number?
True
Is 72591461 prime?
False
Is 8388609809 prime?
False
Is 709989034 composite?
True
Is 5918787767 a composite number?
False
Is 318178270105 composite?
True
Is 35793847231 a prime number?
True
Is 626801699 a composite number?
True
Is 50303633623 composite?
True
Is 1465879123 a prime number?
True
Is 1552701797 composite?
False
Is 249008549 a composite number?
True
Is 12502146014 a prime number?
False
Is 51106414063 a composite number?
True
Is 102543040277 a prime number?
False
Is 6176790733 a composite number?
False
Is 408740263 composite?
True
Is 1182540521 composite?
True
Is 31651931497 prime?
False
Is 3393085967 a composite number?
False
Is 1300428361 composite?
True
Is 6813227999 composite?
False
Is 36117677 a composite number?
False
Is 43641434923 prime?
True
Is 1056045259 composite?
True
Is 78358265395 a prime number?
False
Is 1408266707 prime?
True
Is 66012455767 prime?
False
Is 2753917723 composite?
False
Is 28823776643 a composite number?
True
Is 17290200143 composite?
False
Is 1287463361 a prime number?
True
Is 8276870447 a prime number?
False
Is 95581061 a composite number?
True
Is 4646266153 a composite number?
True
Is 11388133 a composite number?
True
Is 1392556193 a prime number?
False
Is 1346040149 prime?
False
Is 19024403039 a composite number?
False
Is 3100999723 composite?
False
Is 1873738717 a composite number?
True
Is 109337113 a prime number?
True
Is 411085277 composite?
True
Is 135455597 a composite number?
True
Is 391383791 a composite number?
False
Is 2006106313 a composite number?
False
Is 35755178909 a prime number?
True
Is 2197931399 prime?
False
Is 6641271961 prime?
True
Is 135196329 composite?
True
Is 6538254403 composite?
False
Is 1731280037 composite?
True
Is 344984713 a prime number?
True
Is 8323718573 a composite number?
False
Is 11592071222 prime?
False
Is 1360595849 prime?
True
Is 5886364147 prime?
False
Is 143379011 prime?
True
Is 80096539 composite?
False
Is 77530673443 a composite number?
True
Is 112888867519 composite?
True
Is 604789473 a composite number?
True
Is 217732163027 a composite number?
False
Is 10949580707 a prime number?
False
Is 4756104497 prime?
False
Is 133084399847 a prime number?
False
Is 2577239371 composite?
True
Is 652157731 a prime number?
True
Is 389021001 a composite number?
True
Is 3200031257 a prime number?
False
Is 4454948237 a prime number?
False
Is 721361209 a prime number?
False
Is 8761786001 composite?
True
Is 173509982 prime?
False
Is 8442625286 prime?
False
Is 12125756621 prime?
False
Is 166597091 composite?
False
Is 3069015401 composite?
False
Is 7294394339 a prime number?
True
Is 2131217447 a prime number?
True
Is 1336848353 a prime number?
False
Is 45345019 a prime number?
True
Is 954940409 prime?
False
Is 625192067 a prime number?
False
Is 70307507507 a prime number?
True
Is 544416287 prime?
False
Is 15286321 a prime number?
True
Is 1050552473 composite?
True
Is 1260469247 a prime number?
True
Is 12769794803 a composite number?
True
Is 1038775421 prime?
True
Is 1057193783 composite?
False
Is 5076794483 a composite number?
False
Is 7889722531 composite?
False
Is 54142743 a prime number?
False
Is 67174149157 prime?
True
Is 11210212049 prime?
False
Is 35962110397 composite?
True
Is 2415754661 a composite number?
False
Is 315595597 composite?
True
Is 77249708845 prime?
False
Is 98150166701 prime?
True
Is 3133752143 prime?
False
Is 13147049549 a prime number?
True
Is 25832557 a composite number?
False
Is 5671513663 a composite number?
False
Is 21518169329 prime?
False
Is 2962136809 prime?
False
Is 2836066777 a prime number?
True
Is 3166045849 prime?
False
Is 6842881541 a prime number?
True
Is 135707102707 a prime number?
False
Is 1525078067 a prime number?
False
Is 83602502029 composite?
True
Is 49506617579 a composite number?
False
Is 1294009729 a composite number?
False
Is 667931311 a prime number?
True
Is 42825907357 prime?
False
Is 2180107031 a composite number?
False
Is 1313320843 a composite number?
True
Is 59539757 composite?
False
Is 636160789 a composite number?
True
Is 13863887 a prime number?
False
Is 5900239531 composite?
True
Is 11146781333 a composite number?
False
Is 10045836403 composite?
True
Is 10639421723 composite?
True
Is 594604177 a composite number?
False
Is 2005373857 a prime number?
True
Is 21576022421 a prime number?
True
Is 39046947385 prime?
False
Is 39605810053 a prime number?
True
Is 213076517 prime?
False
Is 394606423 a composite number?
True
Is 3237323179 a composite number?
False
Is 8415400573 a prime number?
False
Is 531591653 prime?
True
Is 14360770967 co